s of a(50)?
3, 7, 107
Let v = -38 + 52. Suppose 0 = -v*p + 16*p. Suppose p = -l - 34 + 96. List the prime factors of l.
2, 31
Let c(z) = -25*z**3 + 15*z**2 - 12*z - 76. What are the prime factors of c(-7)?
2, 3, 1553
Let o be 2/(-13) - (-10)/65. Suppose 4*s - 3*r - 184 = o, s - 4*r - 92 = -s. Suppose b = q - s - 148, 5*q = 4*b + 974. List the prime factors of q.
2, 3, 11
Let r(g) = -2*g**3 - 2*g**2 - 6*g - 11. Let a(s) = -5*s**3 - 5*s**2 - 12*s - 23. Let d(o) = -6*a(o) + 13*r(o). List the prime factors of d(4).
3, 97
Let f(l) = -14*l + 6. Let v(d) = d + 1. Let b(g) = -f(g) - 3*v(g). Let m be b(-6). List the prime factors of (-10)/4*4560/m.
2, 19
Let n be (1/(-5 + 4) - -2)*58. Suppose n*t = 41*t + 7412. List the prime factors of t.
2, 109
Let z be (2 - (1 - -2)) + 1. Suppose -3*o + 5*d = -819, d - 8 - 257 = -o. Suppose o = 4*p - z*p + 3*q, -3*p + 2*q + 218 = 0. What are the prime factors of p?
2, 5, 7
Let r(p) = p**3 - p**2 - 8*p + 17. Let g(f) = f**3 + 10*f**2 - 16*f - 1. Let z be g(-11). Let v = z + -48. What are the prime factors of r(v)?
149
Suppose 574059 = 92*j - 201501. List the prime factors of j.
2, 3, 5, 281
Let h = -9343 + 16510. What are the prime factors of h?
3, 2389
Let n(q) = -673*q + 251. List the prime factors of n(-6).
4289
Let j = -3639 - -5323. What are the prime factors of j?
2, 421
Suppose -4*r - k + 9206 = 0, r + 2*k = 883 + 1422. Suppose 7*f + r = 7733. What are the prime factors of f?
2, 97
Suppose 0 = -4*h + 4, -2*o + h = -4*h - 8971. Suppose -45*i + 43*i - o = -4*c, c = -i + 1116. What are the prime factors of c?
2, 5, 7
Let w be -66*(-10)/(-15) - 1. Let v be 93 + 30/w + (-1)/3. Suppose -d + 151 = -5*u, 4*d + 3*u - 489 = v. List the prime factors of d.
2, 73
Let c = 86 - 83. Let r(u) = 21*u**2 + 7*u - 18. What are the prime factors of r(c)?
2, 3
Let l be (-1)/(1/(1/(-1))). Let r be 6/9*(-3 + l - 121). Let j = 159 + r. What are the prime factors of j?
7, 11
Let k be 1/(5*(-1)/(-2620)). Let f = k - -109. List the prime factors of f.
3, 211
Let b(l) = -l**3 - 55*l**2 + 53*l - 79. Let t be b(-56). Suppose q + 2*m - t = 0, -4*q + 162 = -3*m - 172. List the prime factors of q.
5, 17
Let d = 12589 - 7296. List the prime factors of d.
67, 79
Suppose -1415 = 170*u - 175*u. What are the prime factors of 12/2*u - -9?
3, 569
Let m = -19302 - -37839. What are the prime factors of m?
3, 37, 167
Let b(i) = -44*i**2 - 8*i + 7. Let j(g) = -44*g**2 - 8*g + 6. Let m(d) = 4*b(d) - 5*j(d). What are the prime factors of m(2)?
2, 5, 19
Let b = -118 - -122. Suppose 0 = 4*u + 4*d - 872, 7*u = 2*u - b*d + 1085. What are the prime factors of u?
3, 71
Let o(q) = 959*q**2 + 386*q + 12. List the prime factors of o(4).
2, 5, 13
Let g = 10019 - 1872. List the prime factors of g.
8147
Suppose 80*f = 373243 + 681397. List the prime factors of f.
13183
Let j(h) be the first derivative of 14*h**3/3 + 4*h**2 - 12*h - 24. What are the prime factors of j(3)?
2, 3, 23
Let l = -1 - -70. Let g be l*((-2 - (1 - -3)) + 4). Let x = g + 255. List the prime factors of x.
3, 13
Let p(j) = -129*j - 1728. List the prime factors of p(-101).
3, 3767
Suppose 5*r + 0*r + 161610 = 425135. List the prime factors of r.
5, 83, 127
Let m(v) = v**2 + 8*v + 5. Let t be m(-13). Suppose 0 = 76*o - 81*o - t. Let r = 134 + o. List the prime factors of r.
2, 3, 5
Suppose d + 2*d + 956 = 2*o, 8 = -2*d. Let p = 889 - o. What are the prime factors of p?
3, 139
Suppose -x - 69 + 18 = 0. Let w be (-332)/(-2)*9/18. Let o = x + w. List the prime factors of o.
2
Let w = 27 - 22. Suppose 23 = -3*h - 5*b, h - w*b = -2*h - 13. What are the prime factors of h/((-12)/25)*6?
3, 5
Suppose -18*m + 3061 + 197 = 0. Suppose 0 = 3*w + 2*q - 300, -q - 26 = -2*w + m. What are the prime factors of w?
2, 3, 17
Let s = 205 - 700. Let x = -33 - s. List the prime factors of x.
2, 3, 7, 11
Let a(j) = j**3 + 46*j**2 + 100*j + 256. What are the prime factors of a(-43)?
3, 167
Let b(z) = -3*z**3 + 20*z**2 + 9*z - 17. Let x be b(7). What are the prime factors of (-2568)/(-16)*(-1 - x)?
3, 107
Suppose 0*c = 5*c + 2*t - 21343, -t = -3*c + 12797. List the prime factors of c.
17, 251
Let m = -31165 + 45839. List the prime factors of m.
2, 11, 23, 29
Let o = -160 - -172. Suppose 3*q = o*q - 234. What are the prime factors of q?
2, 13
Let y = 53909 + -26793. What are the prime factors of y?
2, 6779
Suppose 0 = -4*p + p + 5*y + 7566, 0 = -2*p - 3*y + 5082. What are the prime factors of p?
2, 3, 211
Suppose 6*n + 10 = 40. Suppose 0 = -n*q - 15, 5*h + 5*q = 457 + 258. Suppose -3*z - 4*p - h = -5*z, -z = 2*p - 57. What are the prime factors of z?
5, 13
What are the prime factors of (-3 - -3029)*6*(-5)/(-60)?
17, 89
Let a(b) = -b**2 - 10*b + 14. Let y be a(-11). List the prime factors of 3/((45/490)/y).
2, 7
List the prime factors of ((-260)/30 - -9)*(105065 - 2).
7, 5003
Suppose 15*l - 84 = l. Let k be (-4 - (-4)/l)*(-12)/5. Suppose -k*x + 11*x - 375 = 0. What are the prime factors of x?
5
Suppose -286428 = -35*x + 39877. List the prime factors of x.
9323
Let i(t) be the first derivative of 3*t**4/2 + 2*t**3/3 - 2*t**2 + 4*t + 18. Let u be i(3). List the prime factors of -5*u/(-30)*6.
2, 43
Let n(i) = 22*i + 98. Let b be n(-5). List the prime factors of ((-332)/b)/(3/63).
7, 83
Let l = 4900 - 3337. List the prime factors of l.
3, 521
Suppose 2*l - 12 = 0, 2*q - 5*l = 39710 + 550. What are the prime factors of q?
3, 5, 17, 79
Let t = 1094 - 554. Suppose -3*m + 4*a + 25 = 0, -2*m - 2*m + 2*a + 20 = 0. Suppose m*x = -6*x + t. What are the prime factors of x?
2, 3, 5
Let w(b) = -2*b. Let r be w(7). Let q(o) = o**2 + 14*o + 11. Let x be q(r). Suppose c - x = -3. What are the prime factors of c?
2
Let c(p) = 5*p**2 + p - 2. Let j = -24 - -25. Let b be c(j). Suppose 2*n = 3*w - 2*n - 192, b*n = -4*w + 284. List the prime factors of w.
2, 17
Suppose -t + 16 = 12. Suppose t*q - 3335 = -243. List the prime factors of q.
773
Let n(g) = -5*g + 23*g**2 + 38*g + 66*g**3 - 67*g**3 - 61. List the prime factors of n(22).
3, 383
Let b(o) = 27*o + 7. Let d be (3 - (-20)/(-4))*1/(-2). What are the prime factors of b(d)?
2, 17
Suppose -4*s + 3*t = 3069, 4*t = 2*s - 0*s + 1542. Let r = -360 - s. What are the prime factors of r?
3, 5
Let s(v) = -9*v - 31. Let y be s(6). Let m = 1 - y. List the prime factors of m.
2, 43
Let i(k) = 182*k**2 - 33*k - 226. List the prime factors of i(-6).
2, 7, 233
Let l(v) = 5*v**2 + 22*v + 54. Let t(i) = 5*i + 23. Let q be t(-7). What are the prime factors of l(q)?
2, 3, 5, 17
Suppose 60*f - 16416 = 57*f. List the prime factors of f.
2, 3, 19
Let g(z) = 1743*z + 3700. List the prime factors of g(15).
5, 47, 127
Suppose -191*b = 188*b - 378*b - 31712. What are the prime factors of b?
2, 991
Suppose -4506 = -6*i + 1638. What are the prime factors of (i/5 + -2)/((-18)/(-60))?
2, 13
Suppose 0 = 3*l - 530 + 131. Suppose -l = -0*a - 5*a - c, -2*a + 46 = -2*c. Suppose -8 = a*t - 28*t. List the prime factors of t.
2
Let p = 88844 - 38674. List the prime factors of p.
2, 5, 29, 173
Let g(d) be the first derivative of 46*d**3/3 + 4*d**2 + 11*d - 11. Let o be g(-4). Let m = -450 + o. What are the prime factors of m?
5, 53
Let d(a) = -6485*a - 2160. What are the prime factors of d(-7)?
5, 8647
Let z(m) = -137*m + 30. Let a(o) = o - 1. Let u(i) = 6*a(i) - z(i). Let v be u(5). What are the prime factors of (v/14)/(1/4)?
2, 97
What are the prime factors of (-8301)/(-7) - 187/(-1309)?
2, 593
Let d(r) = 3*r - 1. Let y(h) = -421*h**2 - 4*h + 11. Let p(v) = 3*d(v) - y(v). What are the prime factors of p(1)?
2, 3, 5, 7
Let x be (663/65)/(1/35). Suppose 18*w - 11*w + x = 0. Let j = w + 209. What are the prime factors of j?
2, 79
Suppose 3*u + 6 = 0, p - 99 - 90 = 3*u. Suppose p = y + 2*z - 103, 5*z - 1445 = -5*y. Let q = y + -111. What are the prime factors of q?
181
Let w(n) = 2*n**2 - 25*n + 86. Let y be w(19). Let m = 118 + y. List the prime factors of m.
11, 41
Suppose -32*c + 35505 = -59535. What are the prime factors of c?
2, 3, 5, 11
Let c(w) = -2*w**3 + 19*w**2 + 5*w - 27. List the prime factors of c(-13).
11, 683
Suppose 25*l = 20*l - 5*c + 53855, 3*l - 32323 = -5*c. List the prime factors of l.
2, 7, 769
Let h be ((-1)/2)/((-1)/(-5458))*-1. Suppose 21143 = 32*z - h. What are the prime factors of z?
2, 373
Suppose 108813